{"id":13,"date":"2021-10-05T15:39:21","date_gmt":"2021-10-05T13:39:21","guid":{"rendered":"https:\/\/www.normandieboissons.com\/?page_id=13"},"modified":"2021-10-07T15:17:02","modified_gmt":"2021-10-07T13:17:02","slug":"a-propos-de","status":"publish","type":"page","link":"https:\/\/www.normandieboissons.com\/?page_id=13","title":{"rendered":"\u00c0 propos de"},"content":{"rendered":"\n<p>Normandie Boissons est un entrepositaire grossiste en boissons notamment sp\u00e9cialis\u00e9 dans la distribution de bi\u00e8res belges, allemandes, locales normandes, fran\u00e7aises et \u00e9trang\u00e8res.<br>Propose des services de locations de tireuses \u00e0 bi\u00e8res pour les particuliers, professionnels, associations, caf\u00e9s, h\u00f4tels, restaurants.<\/p>\n","protected":false},"excerpt":{"rendered":"<p>Normandie Boissons est un entrepositaire grossiste en boissons notamment sp\u00e9cialis\u00e9 dans la distribution de bi\u00e8res belges, allemandes, locales normandes, fran\u00e7aises et \u00e9trang\u00e8res.Propose des services de locations de tireuses \u00e0 bi\u00e8res pour les particuliers, professionnels, associations, caf\u00e9s, h\u00f4tels, restaurants.<\/p>\n","protected":false},"author":1,"featured_media":0,"parent":0,"menu_order":0,"comment_status":"closed","ping_status":"closed","template":"","meta":{"footnotes":""},"class_list":["post-13","page","type-page","status-publish","hentry","entry"],"_links":{"self":[{"href":"https:\/\/www.normandieboissons.com\/index.php?rest_route=\/wp\/v2\/pages\/13","targetHints":{"allow":["GET"]}}],"collection":[{"href":"https:\/\/www.normandieboissons.com\/index.php?rest_route=\/wp\/v2\/pages"}],"about":[{"href":"https:\/\/www.normandieboissons.com\/index.php?rest_route=\/wp\/v2\/types\/page"}],"author":[{"embeddable":true,"href":"https:\/\/www.normandieboissons.com\/index.php?rest_route=\/wp\/v2\/users\/1"}],"replies":[{"embeddable":true,"href":"https:\/\/www.normandieboissons.com\/index.php?rest_route=%2Fwp%2Fv2%2Fcomments&post=13"}],"version-history":[{"count":2,"href":"https:\/\/www.normandieboissons.com\/index.php?rest_route=\/wp\/v2\/pages\/13\/revisions"}],"predecessor-version":[{"id":56,"href":"https:\/\/www.normandieboissons.com\/index.php?rest_route=\/wp\/v2\/pages\/13\/revisions\/56"}],"wp:attachment":[{"href":"https:\/\/www.normandieboissons.com\/index.php?rest_route=%2Fwp%2Fv2%2Fmedia&parent=13"}],"curies":[{"name":"wp","href":"https:\/\/api.w.org\/{rel}","templated":true}]}}